{"id":18,"date":"2018-02-16T16:55:45","date_gmt":"2018-02-16T16:55:45","guid":{"rendered":"http:\/\/constantinplaecking.de\/?page_id=18"},"modified":"2022-08-02T14:31:12","modified_gmt":"2022-08-02T14:31:12","slug":"wer-ist-das","status":"publish","type":"page","link":"https:\/\/constantinplaecking.de\/?page_id=18","title":{"rendered":"Private Projekte"},"content":{"rendered":"<blockquote><p><strong>&#8222;Constantin Pl\u00e4cking ist der Mann hinter der Webseite. Der b\u00e4rtige Schwabe, der nicht nur \u00fcber eine imposante Statur verf\u00fcgt sondern sich notfalls auch in gr\u00f6\u00dferen S\u00e4len ohne Verst\u00e4rker bemerkbar machen k\u00f6nnte, kam 2012 auf die Idee mit dem Neckarstudenten.&#8220;<\/strong><\/p>\n<p>Schw\u00e4bisches Tagblatt T\u00fcbingen \u00fcber Constantin Pl\u00e4cking<\/p><\/blockquote>\n<p><img data-recalc-dims=\"1\" loading=\"lazy\" decoding=\"async\" data-attachment-id=\"173\" data-permalink=\"https:\/\/constantinplaecking.de\/?attachment_id=173\" data-orig-file=\"https:\/\/i0.wp.com\/constantinplaecking.de\/wp-content\/uploads\/2019\/10\/IMG_9551-e1571248246917.jpg?fit=3823%2C2760&amp;ssl=1\" data-orig-size=\"3823,2760\" data-comments-opened=\"1\" data-image-meta=\"{&quot;aperture&quot;:&quot;8&quot;,&quot;credit&quot;:&quot;&quot;,&quot;camera&quot;:&quot;Canon EOS 700D&quot;,&quot;caption&quot;:&quot;&quot;,&quot;created_timestamp&quot;:&quot;1529160794&quot;,&quot;copyright&quot;:&quot;&quot;,&quot;focal_length&quot;:&quot;50&quot;,&quot;iso&quot;:&quot;100&quot;,&quot;shutter_speed&quot;:&quot;0.002&quot;,&quot;title&quot;:&quot;&quot;,&quot;orientation&quot;:&quot;1&quot;}\" data-image-title=\"IMG_9551\" data-image-description=\"\" data-image-caption=\"\" data-large-file=\"https:\/\/i0.wp.com\/constantinplaecking.de\/wp-content\/uploads\/2019\/10\/IMG_9551-e1571248246917.jpg?fit=1024%2C739&amp;ssl=1\" class=\"size-medium wp-image-173 alignleft\" src=\"https:\/\/i0.wp.com\/constantinplaecking.de\/wp-content\/uploads\/2019\/10\/IMG_9551-e1571248246917-300x217.jpg?resize=300%2C217\" alt=\"\" width=\"300\" height=\"217\" srcset=\"https:\/\/i0.wp.com\/constantinplaecking.de\/wp-content\/uploads\/2019\/10\/IMG_9551-e1571248246917.jpg?resize=300%2C217&amp;ssl=1 300w, https:\/\/i0.wp.com\/constantinplaecking.de\/wp-content\/uploads\/2019\/10\/IMG_9551-e1571248246917.jpg?resize=768%2C554&amp;ssl=1 768w, https:\/\/i0.wp.com\/constantinplaecking.de\/wp-content\/uploads\/2019\/10\/IMG_9551-e1571248246917.jpg?resize=1024%2C739&amp;ssl=1 1024w, https:\/\/i0.wp.com\/constantinplaecking.de\/wp-content\/uploads\/2019\/10\/IMG_9551-e1571248246917.jpg?resize=830%2C599&amp;ssl=1 830w, https:\/\/i0.wp.com\/constantinplaecking.de\/wp-content\/uploads\/2019\/10\/IMG_9551-e1571248246917.jpg?resize=550%2C400&amp;ssl=1 550w, https:\/\/i0.wp.com\/constantinplaecking.de\/wp-content\/uploads\/2019\/10\/IMG_9551-e1571248246917.jpg?resize=230%2C166&amp;ssl=1 230w, https:\/\/i0.wp.com\/constantinplaecking.de\/wp-content\/uploads\/2019\/10\/IMG_9551-e1571248246917.jpg?resize=350%2C253&amp;ssl=1 350w, https:\/\/i0.wp.com\/constantinplaecking.de\/wp-content\/uploads\/2019\/10\/IMG_9551-e1571248246917.jpg?resize=480%2C347&amp;ssl=1 480w, https:\/\/i0.wp.com\/constantinplaecking.de\/wp-content\/uploads\/2019\/10\/IMG_9551-e1571248246917.jpg?w=2340 2340w, https:\/\/i0.wp.com\/constantinplaecking.de\/wp-content\/uploads\/2019\/10\/IMG_9551-e1571248246917.jpg?w=3510 3510w\" sizes=\"auto, (max-width: 300px) 100vw, 300px\" \/>Constantin Pl\u00e4cking war Gr\u00fcnder und Hauptautor der Plattform neckarstudent.de, einem Lokalblog \u00fcber T\u00fcbingen, der sich an Studierende richtete. Er betrieb den Blog w\u00e4hrend seiner Studienzeit in T\u00fcbingen.<\/p>\n<p>Sein aktuelles privates Projekt ist der Podcast <a href=\"http:\/\/verkehrt.org\">&#8222;Verkehrt&#8220;<\/a>, ein Podcast \u00fcber Verkehrspolitik und die Verkehrswende.<\/p>\n<p>Constantin Pl\u00e4cking war von 2016 bis 2018 Teil der <a href=\"http:\/\/mrw-tuebingen.de\">T\u00fcbinger Menschenrechtswoche<\/a> und von 2017-2018 im Vorstand. 2017 gewann die Menschenrechtswoche T\u00fcbingen den Jugendfriedenspreis der DGVN.<\/p>\n\n<div class=\"twitter-share\"><a href=\"https:\/\/twitter.com\/intent\/tweet?via=cplaecking\" class=\"twitter-share-button\" data-size=\"large\">Twittern<\/a><\/div>\n","protected":false},"excerpt":{"rendered":"<p>&#8222;Constantin Pl\u00e4cking ist der Mann hinter der Webseite. Der b\u00e4rtige Schwabe, der nicht nur \u00fcber eine imposante Statur verf\u00fcgt sondern sich notfalls [&hellip;]<\/p>\n","protected":false},"author":1,"featured_media":0,"parent":0,"menu_order":0,"comment_status":"closed","ping_status":"closed","template":"","meta":{"jetpack_post_was_ever_published":false,"footnotes":""},"class_list":["post-18","page","type-page","status-publish","hentry"],"jetpack_sharing_enabled":true,"jetpack_shortlink":"https:\/\/wp.me\/P9Fr8s-i","jetpack_likes_enabled":true,"jetpack-related-posts":[],"_links":{"self":[{"href":"https:\/\/constantinplaecking.de\/index.php?rest_route=\/wp\/v2\/pages\/18","targetHints":{"allow":["GET"]}}],"collection":[{"href":"https:\/\/constantinplaecking.de\/index.php?rest_route=\/wp\/v2\/pages"}],"about":[{"href":"https:\/\/constantinplaecking.de\/index.php?rest_route=\/wp\/v2\/types\/page"}],"author":[{"embeddable":true,"href":"https:\/\/constantinplaecking.de\/index.php?rest_route=\/wp\/v2\/users\/1"}],"replies":[{"embeddable":true,"href":"https:\/\/constantinplaecking.de\/index.php?rest_route=%2Fwp%2Fv2%2Fcomments&post=18"}],"version-history":[{"count":12,"href":"https:\/\/constantinplaecking.de\/index.php?rest_route=\/wp\/v2\/pages\/18\/revisions"}],"predecessor-version":[{"id":289,"href":"https:\/\/constantinplaecking.de\/index.php?rest_route=\/wp\/v2\/pages\/18\/revisions\/289"}],"wp:attachment":[{"href":"https:\/\/constantinplaecking.de\/index.php?rest_route=%2Fwp%2Fv2%2Fmedia&parent=18"}],"curies":[{"name":"wp","href":"https:\/\/api.w.org\/{rel}","templated":true}]}}